q and a.
5
Suppose -2*j + 10 = 0, 8 - 98 = -5*u + j. What is the highest common factor of u and 171?
19
Suppose -5*y - l = -523, y - l - 101 = -0*y. Calculate the greatest common divisor of y and 13.
13
Let t(m) be the second derivative of -m**5/20 - m**4/6 - m**3/2 - 2*m**2 - m. Let s = 0 + -3. Let o be t(s). What is the highest common divisor of o and 28?
14
Suppose -4*m = -4, 125 - 369 = -3*z - 4*m. Suppose -5*q = -z + 20. Suppose 476 + 4 = 5*t. Calculate the greatest common divisor of t and q.
12
Let m = -150 - -213. Calculate the highest common divisor of 7 and m.
7
Let x = -31 + 52. Let f(m) = -m**2 + 8*m - 2. Let y be f(4). What is the highest common factor of y and x?
7
Let g(s) = -2*s + 6. Let y be g(0). Let b be (y/(-2))/(21/(-532)). Calculate the greatest common factor of 19 and b.
19
Let h = 19 - -10. What is the highest common divisor of h and 261?
29
Suppose p - 42 = -2*p. Calculate the greatest common factor of 14 and p.
14
Suppose 2*s = -s + 90. What is the highest common divisor of s and 15?
15
Let k(c) = c**2 + 8*c + 7. Let l be k(-9). What is the greatest common factor of 2 and l?
2
Let l(m) = 5*m - 5*m - m**2. Let d be l(-1). Let h be (-12)/d + -1 + 0. Calculate the greatest common factor of 88 and h.
11
Let j be 1 - (2 - 5) - -4. Calculate the greatest common factor of j and 2.
2
Let m be (-2 + 10)/((-2)/(-11)). Calculate the greatest common factor of 11 and m.
11
Let g(q) = q**3 + 13*q**2 - 4*q - 31. Let h be g(-13). Suppose -18 = 3*v - 81. Calculate the greatest common divisor of v and h.
21
Let z(s) = s**3 + 9*s**2 - 11*s. Let f be z(-10). Let r = 2 - 0. Let h be 1/(-2) + 5/r. Calculate the greatest common factor of f and h.
2
Let i = -57 + 88. Let u = 44 - i. What is the greatest common divisor of 143 and u?
13
Let l(x) be the first derivative of 2*x**2 - 8*x - 4. Let y be l(5). Calculate the highest common factor of y and 30.
6
Suppose -5*i = 8 - 3. Let v be -35*(0 + 1/i). Let d = 20 - 15. Calculate the greatest common divisor of v and d.
5
Let c = -5 - -8. Let l be (-3)/((-9)/20)*c. What is the greatest common factor of l and 5?
5
Let a be -1*1/(-2 + 1). Let o = -4 - 5. Let m(g) = g**2 + 8*g - 7. Let t be m(o). What is the greatest common divisor of a and t?
1
Suppose 2 = 2*g - g. Suppose 0 = g*j - 7*j + 25. What is the highest common divisor of j and 5?
5
Let m be (-4)/10 - 56/10. Let s = m - -3. Let o = s + 16. Calculate the highest common factor of 143 and o.
13
Let j be (-7)/(-5) - 6/(-10). Let c = -25 - -41. What is the greatest common divisor of c and j?
2
Let j(s) = 6*s**2 - 7*s - 2. Let c(g) = g**2. Let q(w) = 5*c(w) - j(w). Let o be q(5). What is the greatest common divisor of o and 60?
12
Suppose 0 = -4*l + 32. Suppose 5*s - 23 = -3*f, -4 = -4*f + 5*s - 20. Calculate the highest common divisor of l and f.
1
Let t(q) be the second derivative of -q**3/6 + 2*q**2 + 9*q. Let k be t(-10). Calculate the highest common factor of k and 112.
14
Let x(l) = l**2 + 22*l - 15. Let g be x(-24). What is the highest common divisor of 3 and g?
3
Let o = -4 - -4. Suppose o = -5*k + 12 + 8. Let h be -3*(-7)/1 + -1. What is the greatest common factor of k and h?
4
Suppose -6 = -3*i - 3*b, 0 = 4*b - 0*b + 4. What is the highest common divisor of i and 12?
3
Suppose -l + 140 = -0*l. Suppose q + q = l. Calculate the highest common divisor of q and 10.
10
Let x = -8 + 4. Let z be (-2)/((x/18)/(-1)). Let f = -4 - z. What is the highest common divisor of f and 25?
5
Suppose -92 = p - 3*p. Let i be ((-138)/18)/(3/(-27)). What is the highest common factor of i and p?
23
Let l(q) = 7*q**3 + 2*q + 1. Let d be l(-1). Let c be (d/(-20))/(1/15). Calculate the highest common divisor of c and 4.
2
Let c be 1 - (2 + -1) - 0. Suppose -l + 0*v = 2*v + 4, c = 3*l - 3*v - 6. Suppose 2 + l = k - b, 2*b = -k + 8. Calculate the greatest common factor of 4 and k.
4
Let p(j) = j**2 + j + 6. Let i be -8 - (1 + (1 - 3)). Let y be p(i). What is the greatest common divisor of 24 and y?
24
Suppose -3*q + 130 = -8*q. Let g = -18 - q. What is the highest common divisor of g and 20?
4
Let h(m) = 3*m**2 + 14*m + 27. Let v be h(-9). Calculate the highest common factor of 16 and v.
16
Let s be 149 + 2 + 6 + -3. Suppose -a + 3*a - 44 = 0. Calculate the greatest common divisor of a and s.
22
Let r be 598/5 - (-18)/(-30). Calculate the highest common factor of 17 and r.
17
Let b be (42/(-18))/(2/(-54)). Calculate the greatest common divisor of 9 and b.
9
Suppose 32 = 67*h - 63*h. Suppose r - 5*r + 248 = 4*x, -60 = -r - 2*x. What is the highest common factor of r and h?
8
Let k be -18*((-14)/6 - -2). Let l be (5/3)/(2/k). Suppose -1 - l = 2*n + 4*v, 0 = -5*n + 2*v + 21. Calculate the highest common divisor of 9 and n.
3
Suppose -2*o + 1 = -9. Suppose -144 = 2*b - o*b. Calculate the highest common factor of b and 6.
6
Let m = 119 - 43. Calculate the highest common divisor of m and 190.
38
Let g = -4 + 8. Let k(l) = 32*l + 4. Let y be k(g). Suppose -15*u + 13*u = -24. What is the highest common factor of y and u?
12
Suppose -1 = -d + 5*t, -2*d + 6*d = -4*t + 76. Let x = -45 - -173. What is the highest common factor of d and x?
16
Let z be (-226)/(-8) - (-2)/(-8). Let p = z - -4. Suppose -12 = -3*h - 0*h. What is the greatest common factor of h and p?
4
Suppose 4*t = -3*d + 28, -d + 3*t + 13 = d. Let n(h) = h**3 + 3*h**2 + h + 1. Let w be n(-4). Let v = w + 27. Calculate the greatest common factor of v and d.
8
Let i be (4/(-3))/(-4) - (-1195)/15. What is the greatest common factor of 16 and i?
16
Let h be (25/15)/((-2)/(-168)). Suppose -7*d + 190 = -3*d + 2*t, -3*d - t = -h. Let f = d + -27. Calculate the highest common factor of f and 12.
6
Suppose a = -0 - 2. Let w(i) = -6*i**3 + 2*i**2 + 2*i + 2. Let v be w(a). Let y = 3 + 3. Calculate the greatest common factor of v and y.
6
Let b = -10 + 18. Let p be (12 + 2)*(b + 0). Calculate the greatest common divisor of p and 16.
16
Let b be (-7)/(-3) - 2/(-3). Suppose -6 = -4*o + b*o. Let a be (60/(30/(-3)))/(1/(-7)). Calculate the highest common factor of a and o.
6
Suppose x + z = -3*x + 94, 5*z + 10 = 0. Let b = -13 + x. Calculate the greatest common factor of b and 99.
11
Suppose -93 = -5*h + 87. Let g be 1*(2 - (0 - -1)). Let t = 3 + g. What is the greatest common divisor of h and t?
4
Let y(r) = -r**2 - 12*r. Let b be y(-6). Let n be (-1)/(-4) - 318/(-8). Let s = n - 16. Calculate the highest common factor of s and b.
12
Suppose -2*f - 25 = 2*o + 7, -3*f - 68 = -2*o. Let q = f + 38. Calculate the highest common factor of q and 3.
3
Let p(l) = -l**3 - 2*l**2 - l. Let f be p(-2). Suppose -3*q - f = -5*q. Calculate the highest common factor of q and 11.
1
Let a = 1 - -5. Let q be 6 + a/(-3) + 1. Suppose 4*d - 5*y - 519 = 0, -q*y + 111 = 3*d - 2*d. Calculate the highest common factor of 14 and d.
14
Suppose -4*b - 3*y + 0*y + 73 = 0, -3*b + 33 = -5*y. Suppose -3*p = -3*v - 25 - 68, -4*p + 129 = v. What is the highest common factor of b and p?
16
Let r be -2 - (0 - (-25)/(-1)). Suppose -5*p + 365 = 20. Calculate the greatest common divisor of p and r.
23
Suppose 32 = q - 22. What is the greatest common divisor of q and 18?
18
Suppose n = 3*n + 3*i - 42, -4*n = -i - 56. Calculate the highest common factor of n and 105.
15
Let x(u) = -u - 2 + 4*u - 4*u. Let d be x(-3). What is the greatest common factor of 2 and d?
1
Suppose 4*r + 8 = 0, 2*r - 7*r + 50 = 4*a. Suppose 0*d + d = 6. What is the highest common divisor of d and a?
3
Suppose -y + 90 = 4*y. Calculate the greatest common factor of y and 36.
18
Let p = 3 - 1. Let t be (-3)/p*(0 - -2). Let i = 7 - t. What is the highest common divisor of i and 10?
10
Suppose 5*h = 2*h + 24. Calculate the greatest common factor of 8 and h.
8
Let j(b) = b**3 + 7*b**2 + 7*b + 9. Let k be j(-6). Suppose -f + 7 = k. Calculate the highest common divisor of f and 20.
4
Suppose -13 - 12 = -5*v. Suppose 2*f + 39 = 5*n + 4, -n = -2*f - 15. What is the highest common divisor of n and v?
5
Let o(p) = p**3 + 6*p**2 - 7*p. Let q be o(-7). Suppose a = -1, 3*l = -q*l - 4*a + 20. Calculate the highest common factor of 8 and l.
8
Suppose 24 = o - 5*w, 3*o + 8 = o - 4*w. Suppose 6 = 5*c - o. Suppose c*k - 4*j + 29 = 5*k, -2*j = -k + 3. What is the highest common divisor of 7 and k?
7
Suppose 4*z = 